{"id":63,"date":"2022-04-08T16:38:25","date_gmt":"2022-04-08T14:38:25","guid":{"rendered":"http:\/\/lesgitesduverdon83.com\/?page_id=63"},"modified":"2025-04-05T18:49:04","modified_gmt":"2025-04-05T16:49:04","slug":"accueil","status":"publish","type":"page","link":"https:\/\/lesgitesduverdon83.com\/","title":{"rendered":"ACCUEIL"},"content":{"rendered":"\n<p class=\"has-vivid-purple-color has-text-color has-large-font-size\"><strong>Qui sommes nous?<\/strong><\/p>\n\n\n\n<p class=\"has-medium-font-size\">Location saisonni\u00e8re situ\u00e9e \u00e0 5mn des Gorges du Verdon c\u00f4t\u00e9 Var. En plein c\u0153ur de ce magnifique Verdon, nous mettons \u00e0 votre disposition 1 g\u00eete meubl\u00e9 tout confort<\/p>\n\n\n\n<p><strong _istranslated=\"1\">Actuellement, seule la Villa des Basses Gorges est en location<\/strong><font _mstmutation=\"1\" _msttexthash=\"582790\" _msthash=\"1390\"> pouvant accueillir maximu<\/font><font _mstmutation=\"1\" _msttexthash=\"9919\" _msthash=\"1397\">m<\/font><font _mstmutation=\"1\" _msttexthash=\"5096\" _msthash=\"1400\"> <\/font><font _mstmutation=\"1\" _msttexthash=\"5096\" _msthash=\"1401\">8<\/font> <font _mstmutation=\"1\" _msttexthash=\"141414\" _msthash=\"1391\">personnes<\/font><\/p>\n\n\n\n<p class=\"has-medium-font-size\">Situ\u00e9 dans le Var(83) sur la commune de Montmeyan \u00e0 seulement 5mn du bord du lac de Quinson et l&#8217;entr\u00e9e des Basses gorges du Verdon o\u00f9 vous trouverez son lac et le d\u00e9part d&#8217;activit\u00e9s nautiques rive gauche avec notre partenaire LOCATION NAUTIC Montmeyan.<\/p>\n\n\n\n<p><strong>UNE ACTIVITE NAUTIQUE POUR DECOUVRIR LES GORGES DU VERDON OFFERTE AVEC LA LOCATION<\/strong><\/p>\n","protected":false},"excerpt":{"rendered":"<p>Qui sommes nous? Location saisonni\u00e8re situ\u00e9e \u00e0 5mn des Gorges du Verdon c\u00f4t\u00e9 Var. En plein c\u0153ur de ce magnifique Verdon, nous mettons \u00e0 votre disposition 1 g\u00eete meubl\u00e9 tout confort Actuellement, seule la Villa des Basses Gorges est en location pouvant accueillir maximum 8 personnes Situ\u00e9 dans le Var(83) sur la commune de Montmeyan <a class=\"read-more\" href=\"https:\/\/lesgitesduverdon83.com\/\">READ MORE<\/a><\/p>\n","protected":false},"author":1,"featured_media":243,"parent":0,"menu_order":0,"comment_status":"closed","ping_status":"closed","template":"","meta":{"footnotes":""},"_links":{"self":[{"href":"https:\/\/lesgitesduverdon83.com\/index.php\/wp-json\/wp\/v2\/pages\/63"}],"collection":[{"href":"https:\/\/lesgitesduverdon83.com\/index.php\/wp-json\/wp\/v2\/pages"}],"about":[{"href":"https:\/\/lesgitesduverdon83.com\/index.php\/wp-json\/wp\/v2\/types\/page"}],"author":[{"embeddable":true,"href":"https:\/\/lesgitesduverdon83.com\/index.php\/wp-json\/wp\/v2\/users\/1"}],"replies":[{"embeddable":true,"href":"https:\/\/lesgitesduverdon83.com\/index.php\/wp-json\/wp\/v2\/comments?post=63"}],"version-history":[{"count":11,"href":"https:\/\/lesgitesduverdon83.com\/index.php\/wp-json\/wp\/v2\/pages\/63\/revisions"}],"predecessor-version":[{"id":309,"href":"https:\/\/lesgitesduverdon83.com\/index.php\/wp-json\/wp\/v2\/pages\/63\/revisions\/309"}],"wp:featuredmedia":[{"embeddable":true,"href":"https:\/\/lesgitesduverdon83.com\/index.php\/wp-json\/wp\/v2\/media\/243"}],"wp:attachment":[{"href":"https:\/\/lesgitesduverdon83.com\/index.php\/wp-json\/wp\/v2\/media?parent=63"}],"curies":[{"name":"wp","href":"https:\/\/api.w.org\/{rel}","templated":true}]}}

<p class="has-vivid-purple-color has-text-color has-large-font-size"><strong>Qui sommes nous?</strong></p>



<p class="has-medium-font-size">Location saisonnière située à 5mn des Gorges du Verdon côté Var. En plein cœur de ce magnifique Verdon, nous mettons à votre disposition 1 gîte meublé tout confort</p>



<p><strong _istranslated="1">Actuellement, seule la Villa des Basses Gorges est en location</strong><font _mstmutation="1" _msttexthash="582790" _msthash="1390"> pouvant accueillir maximu</font><font _mstmutation="1" _msttexthash="9919" _msthash="1397">m</font><font _mstmutation="1" _msttexthash="5096" _msthash="1400"> </font><font _mstmutation="1" _msttexthash="5096" _msthash="1401">8</font> <font _mstmutation="1" _msttexthash="141414" _msthash="1391">personnes</font></p>



<p class="has-medium-font-size">Situé dans le Var(83) sur la commune de Montmeyan à seulement 5mn du bord du lac de Quinson et l&#8217;entrée des Basses gorges du Verdon où vous trouverez son lac et le départ d&#8217;activités nautiques rive gauche avec notre partenaire LOCATION NAUTIC Montmeyan.</p>



<p><strong>UNE ACTIVITE NAUTIQUE POUR DECOUVRIR LES GORGES DU VERDON OFFERTE AVEC LA LOCATION</strong></p>

<p>Qui sommes nous? Location saisonnière située à 5mn des Gorges du Verdon côté Var. En plein cœur de ce magnifique Verdon, nous mettons à votre disposition 1 gîte meublé tout confort Actuellement, seule la Villa des Basses Gorges est en location pouvant accueillir maximum 8 personnes Situé dans le Var(83) sur la commune de Montmeyan <a class="read-more" href="https://lesgitesduverdon83.com/">READ MORE</a></p>
